{"id":133,"date":"2025-03-11T20:52:26","date_gmt":"2025-03-11T19:52:26","guid":{"rendered":"https:\/\/bp16ugralovar.hu\/?page_id=133"},"modified":"2025-05-14T14:44:44","modified_gmt":"2025-05-14T12:44:44","slug":"rock","status":"publish","type":"page","link":"https:\/\/bp16ugralovar.hu\/?page_id=133","title":{"rendered":"Rock Interakt\u00edv L\u00e9gv\u00e1r"},"content":{"rendered":"\t\t<div data-elementor-type=\"wp-page\" data-elementor-id=\"133\" class=\"elementor elementor-133\">\n\t\t\t\t<div class=\"elementor-element elementor-element-d05412a e-flex e-con-boxed e-con e-parent\" data-id=\"d05412a\" data-element_type=\"container\" data-e-type=\"container\">\n\t\t\t\t\t<div class=\"e-con-inner\">\n\t\t\t\t<div class=\"elementor-element elementor-element-cb9102b elementor-widget elementor-widget-image\" data-id=\"cb9102b\" data-element_type=\"widget\" data-e-type=\"widget\" data-widget_type=\"image.default\">\n\t\t\t\t<div class=\"elementor-widget-container\">\n\t\t\t\t\t\t\t\t\t\t\t\t\t\t\t<img fetchpriority=\"high\" decoding=\"async\" width=\"1024\" height=\"768\" src=\"https:\/\/bp16ugralovar.hu\/wp-content\/uploads\/2025\/04\/20250411_121403-1024x768.jpg\" class=\"attachment-large size-large wp-image-159\" alt=\"\" srcset=\"https:\/\/bp16ugralovar.hu\/wp-content\/uploads\/2025\/04\/20250411_121403-1024x768.jpg 1024w, https:\/\/bp16ugralovar.hu\/wp-content\/uploads\/2025\/04\/20250411_121403-300x225.jpg 300w, https:\/\/bp16ugralovar.hu\/wp-content\/uploads\/2025\/04\/20250411_121403-768x576.jpg 768w, https:\/\/bp16ugralovar.hu\/wp-content\/uploads\/2025\/04\/20250411_121403-1536x1152.jpg 1536w, https:\/\/bp16ugralovar.hu\/wp-content\/uploads\/2025\/04\/elementor\/thumbs\/20250411_121403-r4o81egwi3xhvcnk0sygyidid0c26ipu9ua9npe3so.jpg 400w, https:\/\/bp16ugralovar.hu\/wp-content\/uploads\/2025\/04\/20250411_121403.jpg 1600w\" sizes=\"(max-width: 1024px) 100vw, 1024px\" \/>\t\t\t\t\t\t\t\t\t\t\t\t\t\t\t<\/div>\n\t\t\t\t<\/div>\n\t\t<div class=\"elementor-element elementor-element-802313f e-con-full e-flex e-con e-child\" data-id=\"802313f\" data-element_type=\"container\" data-e-type=\"container\">\n\t\t\t\t<div class=\"elementor-element elementor-element-e1639a3 elementor-widget elementor-widget-image-gallery\" data-id=\"e1639a3\" data-element_type=\"widget\" data-e-type=\"widget\" data-widget_type=\"image-gallery.default\">\n\t\t\t\t<div class=\"elementor-widget-container\">\n\t\t\t\t\t\t\t<div class=\"elementor-image-gallery\">\n\t\t\t<div id='gallery-1' class='gallery galleryid-133 gallery-columns-6 gallery-size-thumbnail'><figure class='gallery-item'>\n\t\t\t<div class='gallery-icon portrait'>\n\t\t\t\t<a data-elementor-open-lightbox=\"yes\" data-elementor-lightbox-slideshow=\"e1639a3\" data-elementor-lightbox-title=\"20250411_121425\" data-e-action-hash=\"#elementor-action%3Aaction%3Dlightbox%26settings%3DeyJpZCI6MTYwLCJ1cmwiOiJodHRwczpcL1wvYnAxNnVncmFsb3Zhci5odVwvd3AtY29udGVudFwvdXBsb2Fkc1wvMjAyNVwvMDRcLzIwMjUwNDExXzEyMTQyNS5qcGciLCJzbGlkZXNob3ciOiJlMTYzOWEzIn0%3D\" href='https:\/\/bp16ugralovar.hu\/wp-content\/uploads\/2025\/04\/20250411_121425.jpg'><img decoding=\"async\" width=\"150\" height=\"150\" src=\"https:\/\/bp16ugralovar.hu\/wp-content\/uploads\/2025\/04\/20250411_121425-150x150.jpg\" class=\"attachment-thumbnail size-thumbnail\" alt=\"\" \/><\/a>\n\t\t\t<\/div><\/figure><figure class='gallery-item'>\n\t\t\t<div class='gallery-icon landscape'>\n\t\t\t\t<a data-elementor-open-lightbox=\"yes\" data-elementor-lightbox-slideshow=\"e1639a3\" data-elementor-lightbox-title=\"20250411_121451\" data-e-action-hash=\"#elementor-action%3Aaction%3Dlightbox%26settings%3DeyJpZCI6MTYxLCJ1cmwiOiJodHRwczpcL1wvYnAxNnVncmFsb3Zhci5odVwvd3AtY29udGVudFwvdXBsb2Fkc1wvMjAyNVwvMDRcLzIwMjUwNDExXzEyMTQ1MS5qcGciLCJzbGlkZXNob3ciOiJlMTYzOWEzIn0%3D\" href='https:\/\/bp16ugralovar.hu\/wp-content\/uploads\/2025\/04\/20250411_121451.jpg'><img decoding=\"async\" width=\"150\" height=\"150\" src=\"https:\/\/bp16ugralovar.hu\/wp-content\/uploads\/2025\/04\/20250411_121451-150x150.jpg\" class=\"attachment-thumbnail size-thumbnail\" alt=\"\" \/><\/a>\n\t\t\t<\/div><\/figure><figure class='gallery-item'>\n\t\t\t<div class='gallery-icon landscape'>\n\t\t\t\t<a data-elementor-open-lightbox=\"yes\" data-elementor-lightbox-slideshow=\"e1639a3\" data-elementor-lightbox-title=\"20250411_121509\" data-e-action-hash=\"#elementor-action%3Aaction%3Dlightbox%26settings%3DeyJpZCI6MTYyLCJ1cmwiOiJodHRwczpcL1wvYnAxNnVncmFsb3Zhci5odVwvd3AtY29udGVudFwvdXBsb2Fkc1wvMjAyNVwvMDRcLzIwMjUwNDExXzEyMTUwOS5qcGciLCJzbGlkZXNob3ciOiJlMTYzOWEzIn0%3D\" href='https:\/\/bp16ugralovar.hu\/wp-content\/uploads\/2025\/04\/20250411_121509.jpg'><img loading=\"lazy\" decoding=\"async\" width=\"150\" height=\"150\" src=\"https:\/\/bp16ugralovar.hu\/wp-content\/uploads\/2025\/04\/20250411_121509-150x150.jpg\" class=\"attachment-thumbnail size-thumbnail\" alt=\"\" \/><\/a>\n\t\t\t<\/div><\/figure><figure class='gallery-item'>\n\t\t\t<div class='gallery-icon landscape'>\n\t\t\t\t<a data-elementor-open-lightbox=\"yes\" data-elementor-lightbox-slideshow=\"e1639a3\" data-elementor-lightbox-title=\"20250411_121547\" data-e-action-hash=\"#elementor-action%3Aaction%3Dlightbox%26settings%3DeyJpZCI6MTYzLCJ1cmwiOiJodHRwczpcL1wvYnAxNnVncmFsb3Zhci5odVwvd3AtY29udGVudFwvdXBsb2Fkc1wvMjAyNVwvMDRcLzIwMjUwNDExXzEyMTU0Ny5qcGciLCJzbGlkZXNob3ciOiJlMTYzOWEzIn0%3D\" href='https:\/\/bp16ugralovar.hu\/wp-content\/uploads\/2025\/04\/20250411_121547.jpg'><img loading=\"lazy\" decoding=\"async\" width=\"150\" height=\"150\" src=\"https:\/\/bp16ugralovar.hu\/wp-content\/uploads\/2025\/04\/20250411_121547-150x150.jpg\" class=\"attachment-thumbnail size-thumbnail\" alt=\"\" \/><\/a>\n\t\t\t<\/div><\/figure><figure class='gallery-item'>\n\t\t\t<div class='gallery-icon portrait'>\n\t\t\t\t<a data-elementor-open-lightbox=\"yes\" data-elementor-lightbox-slideshow=\"e1639a3\" data-elementor-lightbox-title=\"20250411_121603\" data-e-action-hash=\"#elementor-action%3Aaction%3Dlightbox%26settings%3DeyJpZCI6MTY0LCJ1cmwiOiJodHRwczpcL1wvYnAxNnVncmFsb3Zhci5odVwvd3AtY29udGVudFwvdXBsb2Fkc1wvMjAyNVwvMDRcLzIwMjUwNDExXzEyMTYwMy5qcGciLCJzbGlkZXNob3ciOiJlMTYzOWEzIn0%3D\" href='https:\/\/bp16ugralovar.hu\/wp-content\/uploads\/2025\/04\/20250411_121603.jpg'><img loading=\"lazy\" decoding=\"async\" width=\"150\" height=\"150\" src=\"https:\/\/bp16ugralovar.hu\/wp-content\/uploads\/2025\/04\/20250411_121603-150x150.jpg\" class=\"attachment-thumbnail size-thumbnail\" alt=\"\" \/><\/a>\n\t\t\t<\/div><\/figure><figure class='gallery-item'>\n\t\t\t<div class='gallery-icon portrait'>\n\t\t\t\t<a data-elementor-open-lightbox=\"yes\" data-elementor-lightbox-slideshow=\"e1639a3\" data-elementor-lightbox-title=\"20250411_121825\" data-e-action-hash=\"#elementor-action%3Aaction%3Dlightbox%26settings%3DeyJpZCI6MTY1LCJ1cmwiOiJodHRwczpcL1wvYnAxNnVncmFsb3Zhci5odVwvd3AtY29udGVudFwvdXBsb2Fkc1wvMjAyNVwvMDRcLzIwMjUwNDExXzEyMTgyNS5qcGciLCJzbGlkZXNob3ciOiJlMTYzOWEzIn0%3D\" href='https:\/\/bp16ugralovar.hu\/wp-content\/uploads\/2025\/04\/20250411_121825.jpg'><img loading=\"lazy\" decoding=\"async\" width=\"150\" height=\"150\" src=\"https:\/\/bp16ugralovar.hu\/wp-content\/uploads\/2025\/04\/20250411_121825-150x150.jpg\" class=\"attachment-thumbnail size-thumbnail\" alt=\"\" \/><\/a>\n\t\t\t<\/div><\/figure>\n\t\t<\/div>\n\t\t<\/div>\n\t\t\t\t\t\t<\/div>\n\t\t\t\t<\/div>\n\t\t\t\t<\/div>\n\t\t<div class=\"elementor-element elementor-element-265203e e-con-full e-flex e-con e-child\" data-id=\"265203e\" data-element_type=\"container\" data-e-type=\"container\">\n\t\t\t\t<div class=\"elementor-element elementor-element-e424e28 elementor-widget elementor-widget-text-editor\" data-id=\"e424e28\" data-element_type=\"widget\" data-e-type=\"widget\" data-widget_type=\"text-editor.default\">\n\t\t\t\t<div class=\"elementor-widget-container\">\n\t\t\t\t\t\t\t\t\t<h5>\ud83d\udcd0 M\u00e9retei: 2,8 x 2,1 x 1,7 m (H x Sz x M)<\/h5><p><strong>\ud83d\udc6b 2-4 szem\u00e9lyes <\/strong><strong>\u2197\ufe0f 6 \u00e9ves korig<\/strong><\/p><p>A Happy Hop Rock Interakt\u00edv L\u00e9gv\u00e1r eg\u00e9szen \u00faj szintre emeli a csal\u00e1di haszn\u00e1lat\u00fa ugr\u00e1l\u00f3v\u00e1rakat, \u00edgy a j\u00e1t\u00e9k m\u00e9g az eddigin\u00e9l is sz\u00f3rakoztat\u00f3bb lesz! Ebben a nagyszer\u0171 term\u00e9kben nemcsak ugr\u00e1lni \u00e9s cs\u00faszd\u00e1zni lehet, hanem a nyolc \u00e9rz\u00e9kel\u0151 valamelyik\u00e9t meg\u00e9rintve a gyerekek k\u00fcl\u00f6nb\u00f6z\u0151 f\u00e9ny- \u00e9s hanghat\u00e1sokkal k\u00eds\u00e9rve \u00e9lvezhetik a mozg\u00e1st. Igaz\u00e1n vag\u00e1ny sz\u00edneivel a kisfi\u00fak \u00e9s a kisl\u00e1nyok kedvence lesz! Az ugr\u00e1l\u00f3v\u00e1r mind bel- mind k\u00fclt\u00e9ren kiv\u00e1l\u00f3an haszn\u00e1lhat\u00f3, unalmas, es\u0151s \u00e9s hideg napokon ak\u00e1r a szob\u00e1ban is fel\u00e1ll\u00edthat\u00f3. Az \u00e9rint\u0151 \u00e9rz\u00e9kel\u0151k speci\u00e1lis menet seg\u00edts\u00e9g\u00e9vel r\u00f6gz\u00edthet\u0151ek a l\u00e9gv\u00e1rhoz.<\/p><p><strong>A csomag s\u00falya:<\/strong> 15 kg, szem\u00e9lyaut\u00f3ban sz\u00e1ll\u00edthat\u00f3.<\/p><p><strong>Sz\u00e1ll\u00edt\u00e1si csomag m\u00e9retei<\/strong>: 53 x 38 x 38 cm (H x Sz x M)<\/p><ul><li><strong>Anyaga<\/strong>: dupl\u00e1n lamin\u00e1lt PVC<\/li><\/ul><p><strong>\u23f1 Az \u00f6sszeszerel\u00e9si id\u0151: kb. 3 \u2013 4 perc<\/strong><\/p><p><strong> \u00a0<\/strong>\u00d6sszeszerel\u00e9shez sz\u00fcks\u00e9ges szem\u00e9lyek sz\u00e1ma: 1 f\u0151<\/p>\t\t\t\t\t\t\t\t<\/div>\n\t\t\t\t<\/div>\n\t\t\t\t<\/div>\n\t\t<div class=\"elementor-element elementor-element-ff3e727 e-con-full e-flex e-con e-child\" data-id=\"ff3e727\" data-element_type=\"container\" data-e-type=\"container\">\n\t\t<div class=\"elementor-element elementor-element-cb249e3 e-con-full e-flex e-con e-child\" data-id=\"cb249e3\" data-element_type=\"container\" data-e-type=\"container\">\n\t\t\t\t<div class=\"elementor-element elementor-element-006308d elementor-widget elementor-widget-text-editor\" data-id=\"006308d\" data-element_type=\"widget\" data-e-type=\"widget\" data-widget_type=\"text-editor.default\">\n\t\t\t\t<div class=\"elementor-widget-container\">\n\t\t\t\t\t\t\t\t\t<h3 style=\"text-align: center;\">B\u00e9rl\u00e9si \u00e1rak<\/h3><p style=\"text-align: center;\">H\u00e9tk\u00f6znap: 12 000 Ft\/nap<\/p><p style=\"text-align: center;\">H\u00e9tv\u00e9ge: 15 000 Ft\/nap<\/p><p style=\"text-align: center;\">Teljes h\u00e9tv\u00e9ge: 24 000 Ft<\/p>\t\t\t\t\t\t\t\t<\/div>\n\t\t\t\t<\/div>\n\t\t\t\t<\/div>\n\t\t<div class=\"elementor-element elementor-element-2c962f8 e-con-full e-flex e-con e-child\" data-id=\"2c962f8\" data-element_type=\"container\" data-e-type=\"container\">\n\t\t\t\t<div class=\"elementor-element elementor-element-10c9fda elementor-widget elementor-widget-text-editor\" data-id=\"10c9fda\" data-element_type=\"widget\" data-e-type=\"widget\" data-widget_type=\"text-editor.default\">\n\t\t\t\t<div class=\"elementor-widget-container\">\n\t\t\t\t\t\t\t\t\t<div class=\"layout__region section-twocol__second\"><div class=\"paragraph paragraph--type--from-library paragraph--view-mode--default\"><div class=\"paragraph default-box-element paragraph-type__default-box-element\"><div class=\"default-box-element__container\"><h3 style=\"text-align: center;\">H\u00e1zhoz sz\u00e1ll\u00edt\u00e1s<\/h3><p style=\"text-align: center;\">Ha szeretn\u00e9tek, h\u00e1zhoz sz\u00e1ll\u00edtjuk, fel\u00e1ll\u00edtjuk, majd a buli v\u00e9g\u00e9n \u00f6sszecsomagoljuk \u00e9s elsz\u00e1ll\u00edtjuk a b\u00e9rbe adott kell\u00e9keinket, hogy nektek ezzel se kelljen foglalkoznotok.<\/p><p style=\"text-align: center;\"><strong>Kisz\u00e1ll\u00edt\u00e1si \u00e1rat pontos c\u00edm alapj\u00e1n adunk!<\/strong><\/p><\/div><\/div><\/div><\/div>\t\t\t\t\t\t\t\t<\/div>\n\t\t\t\t<\/div>\n\t\t\t\t<\/div>\n\t\t\t\t<\/div>\n\t\t<div class=\"elementor-element elementor-element-f9f8d4a e-con-full e-flex e-con e-child\" data-id=\"f9f8d4a\" data-element_type=\"container\" data-e-type=\"container\">\n\t\t\t\t<div class=\"elementor-element elementor-element-fd75d62 elementor-widget elementor-widget-text-editor\" data-id=\"fd75d62\" data-element_type=\"widget\" data-e-type=\"widget\" data-widget_type=\"text-editor.default\">\n\t\t\t\t<div class=\"elementor-widget-container\">\n\t\t\t\t\t\t\t\t\t<h4 style=\"text-align: center;\">Tov\u00e1bbi el\u00e9rhet\u0151 l\u00e9gv\u00e1raink<\/h4>\t\t\t\t\t\t\t\t<\/div>\n\t\t\t\t<\/div>\n\t\t\t\t<\/div>\n\t\t<div class=\"elementor-element elementor-element-c6cdbb6 e-con-full e-flex e-con e-child\" data-id=\"c6cdbb6\" data-element_type=\"container\" data-e-type=\"container\">\n\t\t<div class=\"elementor-element elementor-element-efa5e63 e-con-full e-flex e-con e-child\" data-id=\"efa5e63\" data-element_type=\"container\" data-e-type=\"container\">\n\t\t\t\t<div class=\"elementor-element elementor-element-7667482 elementor-widget elementor-widget-image\" data-id=\"7667482\" data-element_type=\"widget\" data-e-type=\"widget\" data-widget_type=\"image.default\">\n\t\t\t\t<div class=\"elementor-widget-container\">\n\t\t\t\t\t\t\t\t\t\t\t\t\t\t\t<img decoding=\"async\" src=\"https:\/\/bp16ugralovar.hu\/wp-content\/uploads\/elementor\/thumbs\/Buborekvilag-legvar_3-r2p50f6kqzrzv5bt79w7dxf1zgmwm0xk9iw3ko0nnc.jpg\" title=\"Bubor\u00e9kvil\u00e1g-l\u00e9gv\u00e1r_3\" alt=\"Bubor\u00e9kvil\u00e1g-l\u00e9gv\u00e1r_3\" loading=\"lazy\" \/>\t\t\t\t\t\t\t\t\t\t\t\t\t\t\t<\/div>\n\t\t\t\t<\/div>\n\t\t\t\t<div class=\"elementor-element elementor-element-2ff0eb2 elementor-button-info elementor-align-center elementor-widget elementor-widget-button\" data-id=\"2ff0eb2\" data-element_type=\"widget\" data-e-type=\"widget\" data-widget_type=\"button.default\">\n\t\t\t\t<div class=\"elementor-widget-container\">\n\t\t\t\t\t\t\t\t\t<div class=\"elementor-button-wrapper\">\n\t\t\t\t\t<a class=\"elementor-button elementor-button-link elementor-size-sm\" href=\"https:\/\/bp16ugralovar.hu\/?page_id=117\">\n\t\t\t\t\t\t<span class=\"elementor-button-content-wrapper\">\n\t\t\t\t\t\t\t\t\t<span class=\"elementor-button-text\">R\u00e9szletek<\/span>\n\t\t\t\t\t<\/span>\n\t\t\t\t\t<\/a>\n\t\t\t\t<\/div>\n\t\t\t\t\t\t\t\t<\/div>\n\t\t\t\t<\/div>\n\t\t\t\t<\/div>\n\t\t<div class=\"elementor-element elementor-element-2b2f344 e-con-full e-flex e-con e-child\" data-id=\"2b2f344\" data-element_type=\"container\" data-e-type=\"container\">\n\t\t\t\t<div class=\"elementor-element elementor-element-e7b654a elementor-widget elementor-widget-image\" data-id=\"e7b654a\" data-element_type=\"widget\" data-e-type=\"widget\" data-widget_type=\"image.default\">\n\t\t\t\t<div class=\"elementor-widget-container\">\n\t\t\t\t\t\t\t\t\t\t\t\t\t\t\t<img decoding=\"async\" src=\"https:\/\/bp16ugralovar.hu\/wp-content\/uploads\/elementor\/thumbs\/20250411_123409-r4okzgs16txqivo4j9h29wfdwv5wrqykcn7e0ucqm0.jpg\" title=\"20250411_123409\" alt=\"20250411_123409\" loading=\"lazy\" \/>\t\t\t\t\t\t\t\t\t\t\t\t\t\t\t<\/div>\n\t\t\t\t<\/div>\n\t\t\t\t<div class=\"elementor-element elementor-element-46c2d75 elementor-button-info elementor-align-center elementor-widget elementor-widget-button\" data-id=\"46c2d75\" data-element_type=\"widget\" data-e-type=\"widget\" data-widget_type=\"button.default\">\n\t\t\t\t<div class=\"elementor-widget-container\">\n\t\t\t\t\t\t\t\t\t<div class=\"elementor-button-wrapper\">\n\t\t\t\t\t<a class=\"elementor-button elementor-button-link elementor-size-sm\" href=\"https:\/\/bp16ugralovar.hu\/?page_id=135\">\n\t\t\t\t\t\t<span class=\"elementor-button-content-wrapper\">\n\t\t\t\t\t\t\t\t\t<span class=\"elementor-button-text\">R\u00e9szletek<\/span>\n\t\t\t\t\t<\/span>\n\t\t\t\t\t<\/a>\n\t\t\t\t<\/div>\n\t\t\t\t\t\t\t\t<\/div>\n\t\t\t\t<\/div>\n\t\t\t\t<\/div>\n\t\t\t\t<\/div>\n\t\t\t\t\t<\/div>\n\t\t\t\t<\/div>\n\t\t\t\t<\/div>\n\t\t","protected":false},"excerpt":{"rendered":"<p>\ud83d\udcd0 M\u00e9retei: 2,8 x 2,1 x 1,7 m (H x Sz x M) \ud83d\udc6b 2-4 szem\u00e9lyes \u2197\ufe0f 6 \u00e9ves korig A Happy Hop Rock Interakt\u00edv L\u00e9gv\u00e1r eg\u00e9szen \u00faj szintre emeli a csal\u00e1di haszn\u00e1lat\u00fa ugr\u00e1l\u00f3v\u00e1rakat, \u00edgy a j\u00e1t\u00e9k m\u00e9g az eddigin\u00e9l is sz\u00f3rakoztat\u00f3bb lesz! Ebben a nagyszer\u0171 term\u00e9kben nemcsak ugr\u00e1lni \u00e9s cs\u00faszd\u00e1zni lehet, hanem a nyolc [&hellip;]<\/p>\n","protected":false},"author":1,"featured_media":0,"parent":0,"menu_order":0,"comment_status":"closed","ping_status":"closed","template":"","meta":{"footnotes":""},"class_list":["post-133","page","type-page","status-publish","hentry"],"_links":{"self":[{"href":"https:\/\/bp16ugralovar.hu\/index.php?rest_route=\/wp\/v2\/pages\/133","targetHints":{"allow":["GET"]}}],"collection":[{"href":"https:\/\/bp16ugralovar.hu\/index.php?rest_route=\/wp\/v2\/pages"}],"about":[{"href":"https:\/\/bp16ugralovar.hu\/index.php?rest_route=\/wp\/v2\/types\/page"}],"author":[{"embeddable":true,"href":"https:\/\/bp16ugralovar.hu\/index.php?rest_route=\/wp\/v2\/users\/1"}],"replies":[{"embeddable":true,"href":"https:\/\/bp16ugralovar.hu\/index.php?rest_route=%2Fwp%2Fv2%2Fcomments&post=133"}],"version-history":[{"count":23,"href":"https:\/\/bp16ugralovar.hu\/index.php?rest_route=\/wp\/v2\/pages\/133\/revisions"}],"predecessor-version":[{"id":282,"href":"https:\/\/bp16ugralovar.hu\/index.php?rest_route=\/wp\/v2\/pages\/133\/revisions\/282"}],"wp:attachment":[{"href":"https:\/\/bp16ugralovar.hu\/index.php?rest_route=%2Fwp%2Fv2%2Fmedia&parent=133"}],"curies":[{"name":"wp","href":"https:\/\/api.w.org\/{rel}","templated":true}]}}